+ 3*l**2 - 15*l. What is n(o)?
1
Let h = -14 + 17. Let s(c) = -3*c + 5 - 6*c**2 - 3*c**h - 3*c + c + 2*c**3. Give s(-5).
5
Let o(n) be the third derivative of -n**6/40 - n**4/24 + n**3/6 + 15*n**2. Let b(z) = z + 5. Let v be b(-7). Let u be v/(-7) + 5/7. What is o(u)?
-3
Let h(v) = -2*v**2 - 4*v + 1. Suppose -3*z + 3*c = -0*c + 6, 5*z + 18 = c. Give h(z).
-15
Let j(b) = -2*b + 13 - 26 + 13. What is j(-4)?
8
Let x = 27 + -6. Let j = -14 + x. Let g(f) = f**2 - 6*f. Calculate g(j).
7
Suppose 0 = g + 4*g. Let z(d) = d**3 - d + 7. Give z(g).
7
Let x(j) = 2 + 2*j + 0*j - 3*j. Let n = 29 + -33. Calculate x(n).
6
Let m(l) = -l**3 - 6*l**2 - l + 2. Let b(g) = g**2 - 14*g + 18. Let o be b(12). Determine m(o).
8
Let s(w) = 5*w**2 + w - 12. Let a = 9 + -6. Suppose 0 = -5*y + a*y + 10. Let l(d) = -4*d**2 + 11. Let t(q) = y*s(q) + 6*l(q). What is t(-5)?
6
Let m(a) = 3*a - 2*a + 0*a + 0*a. Give m(-6).
-6
Let p(u) = 2. Let z(b) = b + 5. Let v(k) = 5*p(k) - 2*z(k). What is v(3)?
-6
Let x(d) = -11 - 14*d + 24*d + 2 - 9*d. Give x(-7).
-16
Let n(l) = -7*l - 2 + 2 - 1. Let u = 13 - 27. Let b be -2*(u/(-4) - 3). Give n(b).
6
Let u(q) = 4*q**3 - 2*q**2 - q + 16. Let s(c) = -3*c**3 + c**2 + c - 11. Let x be ((-1)/2)/(5/(-50)). Let b(i) = x*u(i) + 7*s(i). Give b(-3).
-3
Let w(d) = -3*d - 6. Let i be 6/24 + 38/8. Suppose 5*s - 2*x + 18 = 0, i*s + 3*x - 1 + 24 = 0. Determine w(s).
6
Let a(i) = i + 7. Suppose -4*u + 26 = -5*s, -5*u + 0*s + 16 = 2*s. Let n be u + (6/2)/3. Suppose f - 10 + 3 = 2*c, 2*c + n*f + 25 = 0. What is a(c)?
2
Suppose 2*s = 4*s + 6. Let o = -6 - s. Let x(c) = c**2 + 4*c + 3. Give x(o).
0
Let j(y) = 3*y + 10. Let r(s) = 5*s + 21. Let m(n) = -7*j(n) + 4*r(n). What is m(11)?
3
Let i(x) = 3*x + 12 - 8 + x**2 + 2*x - 4*x. Calculate i(-3).
10
Let z(o) = -o**3 + 9*o**2 - 9*o + 10. Suppose 2*x + 4*x = 48. What is z(x)?
2
Let b be 348/48 - (2 + 33/(-12)). Let j(x) = -x + 9. Calculate j(b).
1
Let r(c) = -c**3 + 3*c**2 + 3*c + 4. Suppose 4*o + 9 - 21 = 0. Determine r(o).
13
Let q(k) = -k**3 - 6*k**2 + 8. Let a(o) = -o**2 - 8*o - 13. Let r be a(-7). Give q(r).
8
Let s(h) = -4 - 2 + 3*h + 0*h + 3. Give s(-5).
-18
Let s(d) be the third derivative of d**5/60 + d**4/8 + d**3/3 + d**2. Let n be (-6)/(2 - (-3 - -3)). Give s(n).
2
Let f(q) be the third derivative of 0 + 1/15*q**5 - 3*q**2 - 1/3*q**3 + 0*q + 1/24*q**4 + 1/120*q**6. Give f(-4).
-6
Let l = 7 - 11. Let q(n) = n**3 + 3*n**2 - n - 1. What is q(l)?
-13
Let b be ((-6)/(-7))/(((-3)/(-21))/1). Let l(r) be the second derivative of -r**5/20 + 7*r**4/12 - r**3/2 - 7*r**2/2 + r. Determine l(b).
11
Suppose -5*g + 20 = -0*g - 4*r, -2*g = 4*r + 20. Let m(s) = 1 + s**3 - s**2 - s + g*s**2 + 2*s. Suppose 26*a = 9 + 43. Give m(a).
7
Suppose -9*w = -0*w + 90. Let b(t) = -t - 9. Give b(w).
1
Let k be (15 + -13)/((-2)/(-3)). Let m(l) = 5*l**2 + 0*l**2 + 2*l - 7*l**2 + 8*l**k - 1. Give m(1).
7
Suppose -2 = -2*o + 28. Suppose 0*w - o = 3*w. Let z(s) = -s**2 - 5*s. Let v(u) = -2*u**2 - 10*u. Let c(f) = -4*v(f) + 7*z(f). Calculate c(w).
0
Let r(g) = -g**3 + 4*g**2 + 2. Let u be r(4). Let p(n) = n**3 - 3*n**2 + 2*n - 4. Let i be p(3). Let s(w) = w**3 - 3 + 15*w - 16*w + 0 + i. Calculate s(u).
5
Let k be (-2)/10 + (-402)/(-10). Suppose k = -0*x - 4*x. Let r be ((-2)/(-2))/(2/x). Let i(a) = -a**2 - 6*a + 2. What is i(r)?
7
Let h(q) = 7*q**3 - q**2 + 11*q + 2. Let d(i) = 10*i**3 - i**2 + 16*i + 3. Let g(w) = -5*d(w) + 7*h(w). Determine g(-3).
17
Let v(j) = -j**3 + 3*j**2 + j + 1. Suppose -o = o - 2. Let u(q) = 4*q**2 - q. Let g be u(o). Calculate v(g).
4
Let r(t) = -5*t**3 + t**2 - t - 1. Suppose q + n = 14 + 5, 0 = -2*q + 2*n + 34. Suppose -19*p + q*p - 1 = 0. What is r(p)?
6
Let b(a) = 55 - a**2 + 2*a**2 + 5*a - 58. Give b(-5).
-3
Let b = -59 - -63. Let j(s) be the second derivative of 1/12*s**b - s + 1/20*s**5 + 0*s**2 - 1/6*s**3 + 0. Determine j(-2).
-2
Let g(i) = i + 1. Let z = -1 + 3. Let f be (-14)/(-18) + z/9. Let p(y) = -y. Let a(l) = f*g(l) + 4*p(l). Give a(3).
-8
Let y(b) = -b**2 - 4*b + 8. Let c(v) = v**3 + 2*v**2 - 2*v - 1. Let n be c(-2). Let l be (-17 - 4)/n + 1. Determine y(l).
-4
Let w(p) = -p - 4. Let o(m) = -6*m - 21. Let i(x) = -4*o(x) + 21*w(x). Calculate i(-4).
-12
Let x be 0*(15/6)/5. Let m(l) = -l + l**3 + 0*l**3 + x*l**3 + 1 - 2*l**2. Give m(2).
-1
Let x(w) = 2*w - 1. Suppose -i = -3*i + 24. Suppose -3*g - 5*h + 23 = -i, h + 16 = 4*g. Suppose g*y - 10 = 7*y. Determine x(y).
-11
Let p(u) = -u**3 + 2 + 16*u + 0 - 13*u - 1 + 2*u**2. Let k be p(3). Let i(v) = -4*v. Give i(k).
-4
Suppose -3*s = 4*v - 71, 3*s - 2*v - 41 = -0*s. Let f = s + -13. Let y(w) = 4*w - 1. What is y(f)?
15
Let a(v) = -v - 8. Let z = -25 + 15. What is a(z)?
2
Suppose 2*d + 11 = -1. Let r(p) = 5*p**2 - 12*p + 3. Let x(o) = 9*o**2 - 23*o + 5. Let v(j) = 11*r(j) - 6*x(j). Give v(d).
3
Let q(v) be the first derivative of 1 - 1/3*v**3 - 5/2*v**2 - 2*v. Calculate q(-2).
4
Let v(w) = -116 - 4*w - 2*w**2 + 120 + w**3 - 3*w**2. Determine v(5).
-16
Let a(r) be the second derivative of r**4/3 - r**3/6 + r. Suppose -5*x + 9 = 4*k - 0*k, -3*x + k + 19 = 0. Suppose 3*c = 8*c - x. Determine a(c).
3
Let n(f) be the third derivative of -f**4/24 - f**3/6 - 35*f**2. What is n(-6)?
5
Suppose 0 = -3*i - 3*n, -5*n = -6*n - 1. Let g = i + -2. Let l(w) = -1 + 2*w + 2 + 0*w. Give l(g).
-1
Let o(s) = -s**3 + s**2 + 2*s + 1. Let m(y) = -2*y - 7. Let w(d) = 3*d + 13. Let l(j) = -5*m(j) - 3*w(j). Let k be l(6). Give o(k).
1
Let d(t) = t. Let s be (3 - 0) + 6 + -3. Give d(s).
6
Let o(q) = -5*q**2 + 6*q**2 - 4*q + 6*q + 2*q. Give o(-3).
-3
Let a(y) be the third derivative of y**4/8 - y**3/3 + 16*y**2. Calculate a(3).
7
Let m(p) = -5*p - 41. Let i be m(-7). Let c(j) = j**3 + 7*j**2 + 4*j + 3. Calculate c(i).
15
Let z(n) = -n**2 - n. Let r(s) = -12*s**2 - 1. Let v(b) = r(b) + 2*z(b). Calculate v(-1).
-13
Let o(s) be the second derivative of s**7/840 - s**6/45 + s**5/15 - 5*s**4/12 - s**3/2 - 7*s. Let t(g) be the second derivative of o(g). Determine t(7).
-3
Suppose 4*u - 2 = 2*z, 4 = -5*z + 19. Let o(x) = -u*x + 2*x - 1 - 2*x + x. What is o(6)?
-7
Let b(j) = -j + 10. Let h be b(6). Let v = h + -8. Let q(n) = -n**3 - 5*n**2 - 3*n + 5. Calculate q(v).
1
Let t(x) = 5*x - 10. Let s be t(3). Let m(a) = -3*a - 1. Calculate m(s).
-16
Let f(r) = 11*r**3 - 2*r**2 + 2*r - 1. Let s be (-1)/2 - 28/(-8). Suppose 5*l - 5*b + 3 = -b, b = s*l - 1. Give f(l).
10
Let p(r) = -3*r**2 + 6 - r**2 + r**2 + 4*r**2 + 5*r. Give p(-5).
6
Let z(t) = t**3 - 4*t**2 - 2*t - 1. Let n be z(5). Suppose n - 2 = 3*o. Let v(c) = -c. Determine v(o).
-4
Suppose -3*u - 2*u - 2*n - 8 = 0, 2*u - 3*n + 7 = 0. Let t be 1/(-1) + 0/u. Let m be (t + 2)/1 + -6. Let w(q) = q**3 + 6*q**2 + 4*q + 3. What is w(m)?
8
Let g(b) be the first derivative of b**3/6 - 11*b**2/2 + 3*b + 6. Let i(w) be the first derivative of g(w). Suppose l + 4*l - 25 = 0. Determine i(l).
-6
Let a(j) = -1. Let o(r) = -4*r - 11. Let l(t) = -5*a(t) + o(t). Suppose 5*g - 1 + 21 = 0. Determine l(g).
10
Let s(u) = -3*u - 7. Let a(x) = -x + 1. Let q(i) = 2*a(i) - s(i). Determine q(9).
18
Let q(v) = -v**2 + 2*v + 3. Suppose -4*f - 9 + 27 = -y, 2*f = -4*y. What is q(f)?
-5
Let i(r) = -r + 4. Let t(q) = -q + 1. Let a(v) = 12*v - 7. Let k(h) = a(h) + 6*t(h). Suppose c - 4 = -3*c. Let j be k(c). Give i(j).
-1
Let d(b) = -6*b - 2. Let w(u) = -13*u - 4. Let q(a) = 9*d(a) - 4*w(a). Let x(l) = l - 4. Let m be x(2). Calculate q(m).
2
Suppose -4*w + 2*g + 22 = 0, -2*w + 3*g = -w - 3. Let h(a) = 5*a - 1. Let o(r) = 14*r - 2. Let b(c) = w*o(c) - 17*h(c). Calculate b(5).
0
Let m(j) = j**3 - 9*j**2 + 8*j - 1. Let p = 57 - 49. Give m(p).
-1
Let t(i) = -29 + 2*i + 51 - 21. What is t(-2)?
-3
Let t = 1 - -5. Suppose -15*l + t = -16*l. Let c(k) = -k**2 - 5*k + 3. What is c(l)?
-3
Let b(p) = p**3 - 5*p**2 + 5*p - 3. Suppose k - 6*k = 0. Let l = 6 - k. Let h = 9 - l. Give b(h).
-6
Let m(z) = 2*z**2 + 2*z. Let v = 11 + -24. Let c = -11 - v. What is m(c)?
12
Let t be -1 + 0 + 3 + 7. Suppose a + t = -2*a. Let l(q) = q**3 + 2*q**2 - 3*q - 1. Give l(a).
-1
Let x(w) = -16*w**3 - 2*w - 1. Suppose -3*m + 5*m = -2. Give x(m).
17
Suppose -2*d = d. Suppose -3*y - y + 12 = d. Let i(l) = -l**y - 4*l - l**2 - 2 + 2*l + 0*l**3. Determine i(-2).
6
Let k(v) = v**3 + 11*v**2 + 10*v + 2. L